t the prime factors of 23206.
2, 41, 283
List the prime factors of 11102.
2, 7, 13, 61
What are the prime factors of 1632?
2, 3, 17
What are the prime factors of 174?
2, 3, 29
List the prime factors of 25136.
2, 1571
List the prime factors of 5652.
2, 3, 157
What are the prime factors of 1426?
2, 23, 31
What are the prime factors of 929?
929
What are the prime factors of 1535?
5, 307
List the prime factors of 1240.
2, 5, 31
List the prime factors of 20176.
2, 13, 97
List the prime factors of 6172.
2, 1543
What are the prime factors of 6745?
5, 19, 71
List the prime factors of 1290.
2, 3, 5, 43
List the prime factors of 201932.
2, 19, 2657
List the prime factors of 4051.
4051
What are the prime factors of 1251?
3, 139
What are the prime factors of 3515?
5, 19, 37
List the prime factors of 79320.
2, 3, 5, 661
List the prime factors of 19172.
2, 4793
List the prime factors of 1997.
1997
What are the prime factors of 5530?
2, 5, 7, 79
What are the prime factors of 13990?
2, 5, 1399
List the prime factors of 1032.
2, 3, 43
What are the prime factors of 5423?
11, 17, 29
What are the prime factors of 2196?
2, 3, 61
List the prime factors of 1627.
1627
List the prime factors of 2851.
2851
List the prime factors of 1687.
7, 241
What are the prime factors of 6801?
3, 2267
What are the prime factors of 1143?
3, 127
List the prime factors of 485.
5, 97
What are the prime factors of 6769?
7, 967
List the prime factors of 64309.
7, 9187
List the prime factors of 15918.
2, 3, 7, 379
What are the prime factors of 3453?
3, 1151
List the prime factors of 9130.
2, 5, 11, 83
List the prime factors of 1332.
2, 3, 37
List the prime factors of 53.
53
List the prime factors of 32601.
3, 10867
What are the prime factors of 3149?
47, 67
What are the prime factors of 52963?
52963
What are the prime factors of 107358?
2, 3, 29, 617
What are the prime factors of 43077?
3, 83, 173
List the prime factors of 82011.
3, 27337
What are the prime factors of 997?
997
List the prime factors of 13926.
2, 3, 11, 211
List the prime factors of 48257.
11, 41, 107
List the prime factors of 1084.
2, 271
What are the prime factors of 39509?
39509
List the prime factors of 4128.
2, 3, 43
List the prime factors of 7623.
3, 7, 11
What are the prime factors of 762?
2, 3, 127
List the prime factors of 109388.
2, 23, 29, 41
What are the prime factors of 7461?
3, 829
List the prime factors of 14853.
3, 4951
List the prime factors of 1372.
2, 7
What are the prime factors of 755?
5, 151
What are the prime factors of 23043?
3, 7681
What are the prime factors of 28595?
5, 7, 19, 43
What are the prime factors of 3337?
47, 71
List the prime factors of 10974.
2, 3, 31, 59
What are the prime factors of 2410?
2, 5, 241
What are the prime factors of 176764?
2, 7, 59, 107
What are the prime factors of 9780?
2, 3, 5, 163
List the prime factors of 1796.
2, 449
What are the prime factors of 836?
2, 11, 19
List the prime factors of 85495.
5, 17099
What are the prime factors of 5563?
5563
List the prime factors of 5009.
5009
What are the prime factors of 2606?
2, 1303
List the prime factors of 38446.
2, 47, 409
List the prime factors of 912.
2, 3, 19
List the prime factors of 13827.
3, 11, 419
What are the prime factors of 6084?
2, 3, 13
List the prime factors of 1501.
19, 79
List the prime factors of 23691.
3, 53, 149
What are the prime factors of 1133?
11, 103
What are the prime factors of 34366?
2, 17183
What are the prime factors of 7043?
7043
List the prime factors of 13199.
67, 197
What are the prime factors of 113593?
29, 3917
List the prime factors of 3603.
3, 1201
What are the prime factors of 1104?
2, 3, 23
What are the prime factors of 2582?
2, 1291
What are the prime factors of 38059?
7, 5437
What are the prime factors of 8000?
2, 5
List the prime factors of 10605.
3, 5, 7, 101
List the prime factors of 1489.
1489
List the prime factors of 1728.
2, 3
List the prime factors of 24055.
5, 17, 283
What are the prime factors of 4964?
2, 17, 73
What are the prime factors of 1132?
2, 283
What are the prime factors of 8092?
2, 7, 17
What are the prime factors of 16000?
2, 5
List the prime factors of 4035.
3, 5, 269
What are the prime factors of 71116?
2, 23, 773
What are the prime factors of 5265?
3, 5, 13
List the prime factors of 541.
541
What are the prime factors of 44693?
11, 17, 239
List the prime factors of 284.
2, 71
List the prime factors of 6919.
11, 17, 37
List the prime factors of 1036.
2, 7, 37
What are the prime factors of 4285?
5, 857
List the prime factors of 762.
2, 3, 127
List the prime factors of 20658.
2, 3, 11, 313
What are the prime factors of 5511?
3, 11, 167
What are the prime factors of 121909?
121909
What are the prime factors of 2462?
2, 1231
What are the prime factors of 66209?
11, 13, 463
What are the prime factors of 949?
13, 73
What are the prime factors of 8324?
2, 2081
List the prime factors of 24168.
2, 3, 19, 53
What are the prime factors of 2853?
3, 317
What are the prime factors of 433?
433
List the prime factors of 2676.
2, 3, 223
List the prime factors of 2897.
2897
What are the prime factors of 49055?
5, 9811
What are the prime factors of 30?
2, 3, 5
List the prime factors of 52947.
3, 37, 53
List the prime factors of 135888.
2, 3, 19, 149
What are the prime factors of 35233?
11, 3203
What are the prime factors of 382?
2, 191
What are the prime factors of 1857?
3, 619
What are the prime factors of 26398?
2, 67, 197
What are the prime factors of 17407?
13, 103
What are the prime factors of 1157?
13, 89
What are the prime factors of 92433?
3, 11, 2801
What are the prime factors of 677?
677
What are the prime factors of 191316?
2, 3, 107, 149
What are the prime factors of 2167?
11, 197
What are the prime factors of 2403?
3, 89
What are the prime factors of 226?
2, 113
List the prime factors of 94554.
2, 3, 17, 103
What are the prime factors of 6257?
6257
What are the prime factors of 676?
2, 13
What are the prime factors of 16565?
5, 3313
What are the prime factors of 109571?
7, 11, 1423
What are the prime factors of 93077?
93077
What are the prime factors of 38664?
2, 3, 179
What are the prime factors of 12577?
12577
List the prime factors of 3341.
13, 257
What are the prime factors of 78776?
2, 43, 229
What are the prime factors of 93392?
2, 13, 449
What are the prime factors of 1792?
2, 7
What are the prime factors of 3869?
53, 73
List the prime factors of 64179.
3, 2377
List the prime factors of 3469.
3469
List the prime factors of 931.
7, 19
List the prime factors of 891.
3, 11
What are the prime factors of 28679?
7, 17, 241
What are the prime factors of 8268?
2, 3, 13, 53
What are the prime factors of 870?
2, 3, 5, 29
List the prime factors of 3337.
47, 71
What are the prime factors of 1939?
7, 277
List the prime factors of 25063.
71, 353
List the prime factors of 1971.
3, 73
List the prime factors of 472.
2, 59
List the prime factors of 1171.
1171
List the prime factors of 14112.
2, 3, 7
What are the prime factors of 813?
3, 271
What are the prime factors of 9284?
2, 11, 211
List the prime factors of 19641.
3, 6547
What are the prime factors of 10380?
2, 3, 5, 173
What are the prime factors of 29479?
41, 719
List the prime factors of 1783.
1783
List the prime factors of 43089.
3, 53, 271
List the prime factors of 67218.
2, 3, 17, 659
What are the prime factors of 2576?
2, 7, 23
What are the prime factors of 2849?
7, 11, 37
What are the prime factors of 1386?
2, 3, 7, 11
What are the prime factors of 29369?
43, 683
List the prime factors of 3036.
2, 3, 11, 23
List the prime factors of 45922.
2, 22961
List the prime factors of 2198.
2, 7, 157
List the prime factors of 2035.
5, 11, 37
What are the prime factors of 91706?
2, 45853
What are the prime factors of 2747?
41, 67
List the prime factors of 16420.
2, 5, 821
List the prime factors of 52752.
2, 3, 7, 157
What are the prime factors of 24019?
24019
List the prime factors of 3317.
31, 107
What are the prime factors of 3652?
2, 11, 83
List the prime factors of 36159.
3, 17, 709
List the prime factors of 73663.
19, 3877
List the prime factors of 1107.
3, 41
List the prime factors of 29685.
3, 5, 1979
What are the prime factors of 2068?
2, 11, 47
List the prime factors of 20195.
5, 7, 577
What are the prime facto